e t(9). Let j = n - 1. Let o(m) = m**3 + 5*m**2 + 5*m + 4. Let z be o(j). Let w(q) = -q - 4. Determine w(z).
-4
Let y(q) = 2 - q**2 + 3 - 4 + 5*q. Give y(4).
5
Let r = 18 + -17. Let c(z) = -8 + 8 - 9*z. What is c(r)?
-9
Let m be 13 + ((-2)/(-2) - 2). Let a be 1/(2*2/m). Let s(z) = z**3 - 5*z**2 + 5*z - 4. Determine s(a).
-7
Let d(a) be the second derivative of -a**5/20 + a**4/2 - 2*a**3/3 - 5*a**2/2 + 2*a - 85. Suppose -3*v = 3*p - 27, 4*v + p + 2*p = 32. What is d(v)?
0
Let o(w) = -w**3 - 14*w**2 - 36*w + 15. Let k be o(-4). Let f(g) = -6*g**3 + g - 1. Let t(v) = v**3 + v - 1. Let j(b) = 2*f(b) - 2*t(b). Give j(k).
14
Let p be (-3)/(-5)*(-9 - -19). Let b(g) = -g**3 + 5*g**2 + 8*g - 9. Determine b(p).
3
Let s(p) = p**3 + 3*p**2 + 4*p + 6. Let a(i) = -i**2 + i. Let q(j) = 4*a(j) - s(j). Determine q(-7).
-6
Let i(t) be the first derivative of t**2/2 - 5*t - 13. What is i(0)?
-5
Let c(d) = d + 4. Let f be c(0). Suppose -f*x = 5*t - 5, -t + x - 2 = -3. Let i(p) = 4*p**3 + 2*p**2 - 2*p + 1. Determine i(t).
5
Let x(n) = 11*n**2 - 8*n**2 - n**3 - 2*n + 2 + 7*n. Give x(4).
6
Let b(s) = 2*s - 1. Suppose -2*i + 12 = -q + i, 2 = -q + i. Suppose 0 = -4*f - 4*c + 8, -f - q + 14 = 4*c. Let v be 1 + -4 + (-2)/f. What is b(v)?
-3
Let p(l) = -4*l - 1. Let v be (15 + -3)*1/3. Let b be 4 + -3 - 1*-2. Let x = b - v. Give p(x).
3
Let d = -92 + 93. Let c(m) = m**2 + m. Determine c(d).
2
Let k(v) be the first derivative of -v**6/120 + v**5/12 - v**4/12 - v**3/3 + 5*v**2/2 - 4. Let f(a) be the second derivative of k(a). Give f(4).
6
Let k = 10 + -9. Let h(z) = -4*z - 5*z**2 + 2*z**2 + 4*z - k. What is h(1)?
-4
Suppose 2*r - 3 = 3*f, 0 = r - 3*f - 0*f. Let v = -1 - -1. Suppose 0 = i - v + r. Let p(x) = x**2 + 2*x + 4. Determine p(i).
7
Let y(p) = 3*p - 1. Let i(c) = -2*c. Let f(j) = 4*i(j) + 3*y(j). Give f(5).
2
Let r(b) = 2*b**2 - 3*b - 2. Let x(k) = 4*k**2 - 5*k - 4. Let u(m) = 5*r(m) - 3*x(m). Suppose -2 = 2*d - d - 4*p, -5*p = -5. Let q = d - 0. Calculate u(q).
-6
Let o(j) = -j**2 - 5*j + 1. Suppose 18 = -s + 3*x, -5 = -3*s - 5*x + 11. Let q be s*1*(-3 + 2). Suppose 3*r + q = -12. Calculate o(r).
1
Let n be (-2)/(-3) - 7/(-21). Let l(y) = y**2 + y. Let c(g) = 2*g**3 + 7*g**2 + 4*g. Let v(k) = -c(k) + 5*l(k). Give v(n).
-3
Let n be -3 + 3 + 1 + 3. Let b(l) = -1 - 2*l**2 + 3*l**2 + 2. Let u(f) = f**3 - 4*f**2 + 2*f + 4. Let s(d) = -b(d) + u(d). What is s(n)?
-5
Let d(q) be the first derivative of q**3/3 - 3*q**2 + 6*q + 31. Give d(5).
1
Let k(b) = b - 1. Suppose 3*f = 2*f - 84. Let o be f/15 + (-4)/10. Let t(m) = -m**3 - 7*m**2 - 6*m. Let v be t(o). Give k(v).
-1
Let u(c) = c + 3*c + c. Let k be u(-1). Let q(m) = m**2 + 4*m - 6. What is q(k)?
-1
Let d(x) = -x**3 - 4*x**2 - 6*x - 6. Let p be d(-3). Let o(r) be the third derivative of r**2 + 0 + 7/24*r**4 - r**p + 0*r - 1/60*r**5. What is o(5)?
4
Let x(f) = f**3 + 4*f**2 - f + 1. Suppose 0 = -r - 4*r + 25. Suppose -r*s - 11 = 9. What is x(s)?
5
Let r(m) = -m**2 + 1 - 6 + 1 + 34*m - 30*m. Determine r(5).
-9
Suppose -5*c - 3*r - r = -12, 5*c = -r + 18. Let p(d) = d - 15. Let o(w) = w - 23. Let z(x) = -5*o(x) + 8*p(x). Determine z(c).
7
Let y(t) = -t**3 + 5*t**2 + 4*t - 1. Let v(p) = p**3 - 5*p**2 - 3*p. Let w(f) = -5*v(f) - 4*y(f). Let c = 3 + 2. Calculate w(c).
-1
Let x(f) = f**2 - 5*f - 2. Let j = 22 + -17. Give x(j).
-2
Let u(k) = k**2 - 2*k. Let v(h) = -h**2 + 3*h. Let o(l) = 6*u(l) + 5*v(l). Let s = -5 - -2. Give o(s).
0
Let w(h) = 0 - h - 5 + 1 - 2. Calculate w(-11).
5
Let i(g) be the third derivative of g**5/60 - 7*g**4/24 + g**3/6 + 6*g**2. What is i(6)?
-5
Let m(i) = 6*i**3 + i**2 + i. Suppose 2*q - 15 + 17 = 0. What is m(q)?
-6
Let g(s) = 4*s - 5. Let o be g(4). Let a = o - 8. Let z(t) = t**2 - 5*t + 3. Give z(a).
-3
Let p(k) = 0 + 6 + 0 + 5*k**2 - 6*k - k**3. Calculate p(4).
-2
Let i(q) = -2 - 2 + 5 - 4*q + 1. What is i(4)?
-14
Let f(c) be the first derivative of c**4/4 + 5*c**3/3 - 7*c**2/2 - c + 11. Give f(-6).
5
Let t = -5 - -8. Let s(z) = 2 + 9*z - 2*z + 2 - t. Suppose -3*h + 9 = -3*q, -4*h + 0*h = 2*q. Determine s(h).
8
Let z(r) = -r**2 - 6*r - 3. Let d = -4 - 0. Give z(d).
5
Let z(v) = -10*v**2 - v. Let w = -23 + 16. Let f = w + 6. Determine z(f).
-9
Suppose -5*d + d + 5*x = 4, 3*d = -5*x + 32. Let v(q) = 3*q**3 + 0*q - d*q**3 + q. Let r = 4 - 6. Calculate v(r).
6
Let s(o) = -o - 3. Let g be s(-2). Let h(x) = 10*x**3 - 2*x - 1. Determine h(g).
-9
Let f(n) = -n**3 - 3*n**2 + 3. Let x be f(-3). Let t(c) = c**3 - 4*c**2 + 4*c. Let v be t(x). Let b(o) = 0 - 5*o**3 + 4*o**3 + 3*o + v*o**2 + 1. What is b(4)?
-3
Let d be ((-15)/(-3))/(-1) + -2. Let j = -4 - d. Let n(v) = -v - v**2 + j*v - 11 + 7. Give n(3).
-7
Let d(p) = -p + 5. Let k(c) = 1. Suppose 3*w - 4 = 2. Let i(v) = w*k(v) - d(v). Calculate i(0).
-3
Let i(r) = 2*r - 4*r**2 + 5 + 3*r + 0*r - 3*r**3. Let m(t) = -4*t**3 - 4*t**2 + 6*t + 6. Let h(s) = -5*i(s) + 4*m(s). Let d be 4 + 0 + 11/(-11). Determine h(d).
5
Let y(g) = g + 1. Let t(v) = 5*v + 7. Let a(j) = -t(j) + 4*y(j). Determine a(5).
-8
Let h(v) = -6*v + 2*v + 2*v**2 + 0 + 3*v - 1. Determine h(-1).
2
Let s(p) = 6*p**3 + p + 1. Suppose -7*u + 32 = -3*u. Let j be u/6*(-6)/(-4). Let l be (1 - (2 - j))/(-1). What is s(l)?
-6
Let u(w) = -3*w - 2. Let v(f) = -f**3 + 7*f**2 + 2*f - 10. Let i be v(7). Suppose -2 + 22 = 5*m. Suppose -17 = i*a - 3*l, m*a + 7*l - 4 = 3*l. Give u(a).
4
Let n(u) = u + 1. Let g be n(3). Suppose -g*r + 4*h = -22 + 2, -4*r = -2*h - 10. Let j(v) = -v + 11. Calculate j(r).
11
Suppose -10 = 5*g - 0*n + 4*n, -3*n - 19 = -2*g. Let a be (10/(-15))/(2/(-3)). Let f(m) = -3*m**2 + a - 2 - m**3 - m**g. Determine f(-4).
-1
Let f(g) be the first derivative of g**4/4 - 5*g**3/3 - 3*g**2 - 5*g - 3. Calculate f(6).
-5
Let j = -49 + 53. Let p(m) = -2*m + 5. Calculate p(j).
-3
Let h(g) = -g**3 - 12*g**2 - 11*g + 1. Let q be h(-11). Let u(j) = j**2 - q + 12*j - 4*j + 3 - 4*j. Give u(-4).
2
Let i(t) = -t**3 + 5*t**2 + t + 6. Let p be -4*(-5 + 3 + 1). Let c(q) = -q**3 + 3*q**2 + 4*q + 5. Let z be c(p). What is i(z)?
11
Suppose 0*l + l = 2. Let r be l*(-4)/(24/(-9)). Let t(w) = w**3 - 3*w**2 - 2*w + 3. What is t(r)?
-3
Suppose -5*g - 9 = 4*l + 12, -4*g = -2*l + 22. Let o(r) = 0*r + 5 - 3*r + 4*r. Calculate o(g).
0
Let i(t) be the third derivative of t**4/24 + t**3/6 - t**2. Let p(o) be the third derivative of o**3/6 - 5*o**2. Let x(z) = -i(z) + 2*p(z). Determine x(2).
-1
Let t(y) = 4*y + 11. Let p(m) = -5*m - 12. Let q(l) = -5*p(l) - 6*t(l). Calculate q(7).
1
Let f be (-2 + 1 + 3)*1. Let q(g) be the first derivative of -1/4*g**4 + 0*g**3 + f + 3*g - 1/2*g**2. What is q(0)?
3
Let r(h) be the third derivative of -h**6/60 + h**5/60 - h**3/6 + 10*h**2. Determine r(-1).
2
Let s(y) = -y**2 - 4*y - 6. Suppose -x + 12 = x. Suppose 0 = 2*h - x*h - 16. Determine s(h).
-6
Suppose -3*p = 1 - 10. Let r(v) = 1 + v**2 + v + 4 + 0*v**3 - v**p. Determine r(0).
5
Let d(i) = 3*i**2 - 20*i + 8. Let q(t) be the third derivative of -t**5/60 + 7*t**4/24 - t**3/2 - 2*t**2. Let z(w) = 6*d(w) + 17*q(w). Calculate z(0).
-3
Suppose -8 = -4*g - 0. Suppose -4*l - 6 = g. Let k(w) = -w**2 - 2. Give k(l).
-6
Let s(c) = c - 2. Let n(m) be the third derivative of m**5/60 - m**4/3 - 5*m**3/6 - 6*m**2. Let d be n(9). Determine s(d).
2
Let y(o) = o**3 + 3*o**2 - 1. Let u(h) = 4*h**3 + 13*h**2 - 4. Let i(c) = -2*u(c) + 9*y(c). Suppose 0 = 3*f - 2*x - 1, -f = -2*f - x + 2. Calculate i(f).
1
Let v = 60 + -60. Let r(m) = m**3 - m**2 - 6. Calculate r(v).
-6
Let i(h) = -6*h**3 + 4*h**2 + 10*h - 3. Let k(w) = 7*w**3 - 4*w**2 - 11*w + 4. Let q(n) = 6*i(n) + 5*k(n). Calculate q(5).
2
Let x(z) = z**2 + 16*z + 5. Let j be x(-16). Let s(a) = -a - 3 + 2 + j. What is s(5)?
-1
Let j(i) = -i + 7. Let k = -2 - -6. Let x = 9 - k. Determine j(x).
2
Let r(y) = -8*y**2 - 2*y + 1. Let p = 5 - 16. Let d be p/(-9) - 2/9. What is r(d)?
-9
Let c(a) be the second derivative of a**3/6 - 3*a**2/2 - 2*a. Let x be c(5). Let t(h) = -x*h**2 + h + h**3 + 4*h**2 + h**2 + 2. What is t(-3)?
-1
Let p(v) = -3*v**3 - 18*v**2 - 9*v + 23. Let i(g) = -g**3 - 6*g**2 - 3*g + 8. Let z(y) = -11*i(y) + 4*p(y). Let a be 50/(-15)*9/6. Give z(a).
-6
Let i(k) = -3*k + 8 - 13*k**2 + 36*k**2 - 21*k**2. Let s(h) = 3*h**2 - 6*h + 15. Let x(f) = -7*i(f) + 4*s(f). Calculate x(-3).
-5
Let u